{"id":91,"date":"2021-04-26T00:27:17","date_gmt":"2021-04-26T03:27:17","guid":{"rendered":"https:\/\/sebrae.local\/talks\/?page_id=91"},"modified":"2021-06-17T20:24:07","modified_gmt":"2021-06-17T23:24:07","slug":"sobre","status":"publish","type":"page","link":"https:\/\/sebraemg.com.br\/talks\/sobre\/","title":{"rendered":"Sobre"},"content":{"rendered":"\n<p>No dia 3 de maio, come\u00e7ou uma nova temporada do programa Sebrae Talks. Essa iniciativa \u00e9 focada em voc\u00ea, empreendedor do varejo, que deseja desenvolver seu neg\u00f3cio e descobrir novas estrat\u00e9gias para crescer. A cada edi\u00e7\u00e3o, falamos sobre tend\u00eancias, inspira\u00e7\u00f5es e discutimos os cen\u00e1rios atuais.<\/p>\n\n\n\n<p>Em parceria com a 98 FM e CDL FM, o programa vem sendo exibido ao vivo na r\u00e1dio e tamb\u00e9m pelo canal do Sebrae no YouTube. Fique ligado!<\/p>\n\n\n\n<p>Esta temporada vai de maio a dezembro de 2021. Ser\u00e3o muitas discuss\u00f5es enriquecedoras e passaremos juntos por uma grande jornada de aprendizado. Cada tem\u00e1tica vem acompanhada de um combo de materiais e atividades exclusivas para voc\u00ea. N\u00e3o deixe de conferir!<\/p>\n","protected":false},"excerpt":{"rendered":"<p>No dia 3 de maio, come\u00e7ou uma nova temporada do programa Sebrae Talks. Essa iniciativa \u00e9 focada em voc\u00ea, empreendedor do varejo, que deseja desenvolver seu neg\u00f3cio e descobrir novas estrat\u00e9gias para crescer. A cada edi\u00e7\u00e3o, falamos sobre tend\u00eancias, inspira\u00e7\u00f5es e discutimos os cen\u00e1rios atuais. Em parceria com a 98 FM e CDL FM, o [&hellip;]<\/p>\n","protected":false},"author":12,"featured_media":93,"parent":0,"menu_order":1,"comment_status":"closed","ping_status":"closed","template":"","meta":{"_acf_changed":false,"inline_featured_image":false,"footnotes":""},"class_list":["post-91","page","type-page","status-publish","has-post-thumbnail","hentry"],"acf":[],"_links":{"self":[{"href":"https:\/\/sebraemg.com.br\/talks\/wp-json\/wp\/v2\/pages\/91","targetHints":{"allow":["GET"]}}],"collection":[{"href":"https:\/\/sebraemg.com.br\/talks\/wp-json\/wp\/v2\/pages"}],"about":[{"href":"https:\/\/sebraemg.com.br\/talks\/wp-json\/wp\/v2\/types\/page"}],"author":[{"embeddable":true,"href":"https:\/\/sebraemg.com.br\/talks\/wp-json\/wp\/v2\/users\/12"}],"replies":[{"embeddable":true,"href":"https:\/\/sebraemg.com.br\/talks\/wp-json\/wp\/v2\/comments?post=91"}],"version-history":[{"count":8,"href":"https:\/\/sebraemg.com.br\/talks\/wp-json\/wp\/v2\/pages\/91\/revisions"}],"predecessor-version":[{"id":1496,"href":"https:\/\/sebraemg.com.br\/talks\/wp-json\/wp\/v2\/pages\/91\/revisions\/1496"}],"wp:featuredmedia":[{"embeddable":true,"href":"https:\/\/sebraemg.com.br\/talks\/wp-json\/wp\/v2\/media\/93"}],"wp:attachment":[{"href":"https:\/\/sebraemg.com.br\/talks\/wp-json\/wp\/v2\/media?parent=91"}],"curies":[{"name":"wp","href":"https:\/\/api.w.org\/{rel}","templated":true}]}}

<p>No dia 3 de maio, começou uma nova temporada do programa Sebrae Talks. Essa iniciativa é focada em você, empreendedor do varejo, que deseja desenvolver seu negócio e descobrir novas estratégias para crescer. A cada edição, falamos sobre tendências, inspirações e discutimos os cenários atuais.</p>



<p>Em parceria com a 98 FM e CDL FM, o programa vem sendo exibido ao vivo na rádio e também pelo canal do Sebrae no YouTube. Fique ligado!</p>



<p>Esta temporada vai de maio a dezembro de 2021. Serão muitas discussões enriquecedoras e passaremos juntos por uma grande jornada de aprendizado. Cada temática vem acompanhada de um combo de materiais e atividades exclusivas para você. Não deixe de conferir!</p>

<p>No dia 3 de maio, começou uma nova temporada do programa Sebrae Talks. Essa iniciativa é focada em você, empreendedor do varejo, que deseja desenvolver seu negócio e descobrir novas estratégias para crescer. A cada edição, falamos sobre tendências, inspirações e discutimos os cenários atuais. Em parceria com a 98 FM e CDL FM, o [&hellip;]</p>
