{"id":75,"date":"2021-04-25T08:36:56","date_gmt":"2021-04-25T11:36:56","guid":{"rendered":"https:\/\/sebrae.local\/talks\/?page_id=75"},"modified":"2021-08-30T17:16:00","modified_gmt":"2021-08-30T20:16:00","slug":"home","status":"publish","type":"page","link":"https:\/\/sebraemg.com.br\/talks\/","title":{"rendered":"Home"},"content":{"rendered":"\n<p>No dia 3 de maio, come\u00e7ou uma nova temporada do programa Sebrae Talks. Essa iniciativa \u00e9 focada em voc\u00ea, empreendedor do varejo, que deseja desenvolver seu neg\u00f3cio e descobrir novas estrat\u00e9gias para crescer. A cada edi\u00e7\u00e3o, falamos sobre tend\u00eancias, inspira\u00e7\u00f5es e discutimos os cen\u00e1rios atuais.<\/p>\n\n\n\n<p>Em parceria com a 98 FM e a CDL FM, o programa vem sendo exibido ao vivo na r\u00e1dio e tamb\u00e9m pelo canal do Sebrae no YouTube. Fique ligado!<\/p>\n","protected":false},"excerpt":{"rendered":"<p>No dia 3 de maio, come\u00e7ou uma nova temporada do programa Sebrae Talks. Essa iniciativa \u00e9 focada em voc\u00ea, empreendedor do varejo, que deseja desenvolver seu neg\u00f3cio e descobrir novas estrat\u00e9gias para crescer. A cada edi\u00e7\u00e3o, falamos sobre tend\u00eancias, inspira\u00e7\u00f5es e discutimos os cen\u00e1rios atuais. Em parceria com a 98 FM e a CDL FM, [&hellip;]<\/p>\n","protected":false},"author":12,"featured_media":0,"parent":0,"menu_order":0,"comment_status":"closed","ping_status":"closed","template":"","meta":{"_acf_changed":false,"inline_featured_image":false,"footnotes":""},"class_list":["post-75","page","type-page","status-publish","hentry"],"acf":[],"_links":{"self":[{"href":"https:\/\/sebraemg.com.br\/talks\/wp-json\/wp\/v2\/pages\/75","targetHints":{"allow":["GET"]}}],"collection":[{"href":"https:\/\/sebraemg.com.br\/talks\/wp-json\/wp\/v2\/pages"}],"about":[{"href":"https:\/\/sebraemg.com.br\/talks\/wp-json\/wp\/v2\/types\/page"}],"author":[{"embeddable":true,"href":"https:\/\/sebraemg.com.br\/talks\/wp-json\/wp\/v2\/users\/12"}],"replies":[{"embeddable":true,"href":"https:\/\/sebraemg.com.br\/talks\/wp-json\/wp\/v2\/comments?post=75"}],"version-history":[{"count":61,"href":"https:\/\/sebraemg.com.br\/talks\/wp-json\/wp\/v2\/pages\/75\/revisions"}],"predecessor-version":[{"id":2704,"href":"https:\/\/sebraemg.com.br\/talks\/wp-json\/wp\/v2\/pages\/75\/revisions\/2704"}],"wp:attachment":[{"href":"https:\/\/sebraemg.com.br\/talks\/wp-json\/wp\/v2\/media?parent=75"}],"curies":[{"name":"wp","href":"https:\/\/api.w.org\/{rel}","templated":true}]}}

<p>No dia 3 de maio, começou uma nova temporada do programa Sebrae Talks. Essa iniciativa é focada em você, empreendedor do varejo, que deseja desenvolver seu negócio e descobrir novas estratégias para crescer. A cada edição, falamos sobre tendências, inspirações e discutimos os cenários atuais.</p>



<p>Em parceria com a 98 FM e a CDL FM, o programa vem sendo exibido ao vivo na rádio e também pelo canal do Sebrae no YouTube. Fique ligado!</p>

<p>No dia 3 de maio, começou uma nova temporada do programa Sebrae Talks. Essa iniciativa é focada em você, empreendedor do varejo, que deseja desenvolver seu negócio e descobrir novas estratégias para crescer. A cada edição, falamos sobre tendências, inspirações e discutimos os cenários atuais. Em parceria com a 98 FM e a CDL FM, [&hellip;]</p>
