{"id":177,"date":"2021-05-25T04:55:00","date_gmt":"2021-05-25T07:55:00","guid":{"rendered":"https:\/\/sebrae.local\/talks\/?post_type=epsodios&#038;p=177"},"modified":"2021-08-05T15:47:02","modified_gmt":"2021-08-05T18:47:02","slug":"inovacao-e-varejo","status":"publish","type":"epsodios","link":"https:\/\/sebraemg.com.br\/talks\/epsodios\/inovacao-e-varejo\/","title":{"rendered":"Inova\u00e7\u00e3o no Varejo"},"content":{"rendered":"\n<p>Vamos falar sobre as mudan\u00e7as nos modelos de neg\u00f3cios e tend\u00eancias para um cen\u00e1rio p\u00f3s-covid. Clique e confira um combo especial com v\u00e1rios materiais informativos que o Sebrae preparou pra voc\u00ea.<\/p>\n","protected":false},"featured_media":447,"comment_status":"open","ping_status":"closed","template":"","format":"standard","meta":{"_acf_changed":false,"inline_featured_image":false},"class_list":["post-177","epsodios","type-epsodios","status-publish","format-standard","has-post-thumbnail","hentry"],"acf":[],"_links":{"self":[{"href":"https:\/\/sebraemg.com.br\/talks\/wp-json\/wp\/v2\/epsodios\/177","targetHints":{"allow":["GET"]}}],"collection":[{"href":"https:\/\/sebraemg.com.br\/talks\/wp-json\/wp\/v2\/epsodios"}],"about":[{"href":"https:\/\/sebraemg.com.br\/talks\/wp-json\/wp\/v2\/types\/epsodios"}],"replies":[{"embeddable":true,"href":"https:\/\/sebraemg.com.br\/talks\/wp-json\/wp\/v2\/comments?post=177"}],"wp:featuredmedia":[{"embeddable":true,"href":"https:\/\/sebraemg.com.br\/talks\/wp-json\/wp\/v2\/media\/447"}],"wp:attachment":[{"href":"https:\/\/sebraemg.com.br\/talks\/wp-json\/wp\/v2\/media?parent=177"}],"curies":[{"name":"wp","href":"https:\/\/api.w.org\/{rel}","templated":true}]}}

Inovação no Varejo

<p>Vamos falar sobre as mudanças nos modelos de negócios e tendências para um cenário pós-covid. Clique e confira um combo especial com vários materiais informativos que o Sebrae preparou pra você.</p>
